 a prime number?
False
Is 30718 a composite number?
True
Is 1814 a composite number?
True
Is 211027 composite?
True
Is 16871 a prime number?
True
Is 30577 prime?
True
Is 68597 a composite number?
False
Is 28955 a prime number?
False
Is 2773579 a composite number?
False
Is 165229 a prime number?
True
Is 328558 a composite number?
True
Is 24797 prime?
False
Is 10435 composite?
True
Is 110347 a prime number?
False
Is 459638 composite?
True
Is 2437 a composite number?
False
Is 824023 a prime number?
False
Is 9893 composite?
True
Is 127 composite?
False
Is 673 composite?
False
Is 16999 composite?
True
Is 114713 composite?
False
Is 44449 a prime number?
True
Is 4171 prime?
False
Is 14519 a composite number?
False
Is 40063 composite?
False
Is 7057 composite?
False
Is 1492151 a prime number?
False
Is 29293 a composite number?
True
Is 1946207 a composite number?
False
Is 223833 prime?
False
Is 9893 prime?
False
Is 15299 a composite number?
False
Is 24577 a prime number?
False
Is 1373 a composite number?
False
Is 228161 a composite number?
True
Is 207617 a composite number?
True
Is 535481 composite?
False
Is 2252131 a prime number?
False
Is 470149 a prime number?
True
Is 82811 composite?
False
Is 18059 composite?
False
Is 200971 a composite number?
False
Is 148989 composite?
True
Is 286379 composite?
True
Is 45161 composite?
False
Is 2073035 a prime number?
False
Is 14123 a composite number?
True
Is 23515 a composite number?
True
Is 480077 a prime number?
False
Is 164669 prime?
False
Is 115499 a prime number?
True
Is 2129 composite?
False
Is 560393 composite?
False
Is 39327 composite?
True
Is 151897 prime?
True
Is 832301 a composite number?
True
Is 1174 composite?
True
Is 50411 composite?
False
Is 767 a prime number?
False
Is 19369 a prime number?
False
Is 16741 a composite number?
False
Is 68633 a composite number?
False
Is 37427 a prime number?
False
Is 481123 composite?
False
Is 107054 a composite number?
True
Is 203741 a prime number?
False
Is 539151 a prime number?
False
Is 1657 prime?
True
Is 145531 composite?
False
Is 83158 prime?
False
Is 11287 a prime number?
True
Is 676031 prime?
True
Is 6669677 a prime number?
False
Is 57329 a composite number?
False
Is 31531 a composite number?
False
Is 3683 a prime number?
False
Is 1430089 composite?
False
Is 306971 a composite number?
True
Is 178067 a prime number?
True
Is 17291 composite?
False
Is 3937 prime?
False
Is 27983 a composite number?
False
Is 1244521 prime?
True
Is 63901 a composite number?
False
Is 54123 composite?
True
Is 168289 composite?
True
Is 103829 a composite number?
True
Is 1939 prime?
False
Is 101581 prime?
True
Is 12319 a composite number?
True
Is 77003 a prime number?
True
Is 81053 a composite number?
True
Is 940949 prime?
True
Is 48751 a prime number?
True
Is 34283 a prime number?
True
Is 7369 a composite number?
False
Is 4112753 prime?
True
Is 570229 a composite number?
True
Is 105097 a prime number?
True
Is 2533 a prime number?
False
Is 11311 a composite number?
False
Is 142867 composite?
False
Is 19121 composite?
False
Is 2581 composite?
True
Is 1056203 composite?
False
Is 536111 a composite number?
False
Is 401279 prime?
True
Is 35359 a prime number?
False
Is 26067 a composite number?
True
Is 455527 composite?
False
Is 1744341 composite?
True
Is 1221331 composite?
True
Is 215041 prime?
False
Is 7615 composite?
True
Is 157559 prime?
True
Is 166841 composite?
False
Is 278801 composite?
False
Is 8238365 a composite number?
True
Is 3989 prime?
True
Is 86107 composite?
True
Is 102743 prime?
False
Is 73547 a prime number?
True
Is 305683 a composite number?
True
Is 18623 a composite number?
True
Is 154909 composite?
True
Is 239197 prime?
False
Is 139823 a prime number?
False
Is 24967 prime?
True
Is 65447 composite?
False
Is 10529 a composite number?
False
Is 119533 prime?
True
Is 4189 composite?
True
Is 110017 prime?
True
Is 130423 a prime number?
True
Is 34003 a composite number?
True
Is 72785 a prime number?
False
Is 2167 composite?
True
Is 459881 prime?
False
Is 1553597 prime?
True
Is 162979 prime?
False
Is 997511 prime?
True
Is 5224873 a prime number?
True
Is 121289 prime?
False
Is 929 a prime number?
True
Is 352511 composite?
False
Is 23603 composite?
False
Is 379 a prime number?
True
Is 10097 prime?
False
Is 3809 a composite number?
True
Is 9985 prime?
False
Is 64481 prime?
False
Is 97765 composite?
True
Is 4159769 a prime number?
True
Is 14519 prime?
True
Is 95973 composite?
True
Is 34507 a composite number?
True
Is 2927 prime?
True
Is 3613 composite?
False
Is 14777 a prime number?
False
Is 4750631 a composite number?
False
Is 4741 a prime number?
False
Is 121403 prime?
True
Is 30637 composite?
False
Is 1777 composite?
False
Is 656519 composite?
False
Is 5033 a prime number?
False
Is 272361 a composite number?
True
Is 9803 a composite number?
False
Is 46523 a prime number?
True
Is 47407 a composite number?
False
Is 1003631 composite?
False
Is 3641 prime?
False
Is 71557 a composite number?
True
Is 67391 a composite number?
False
Is 730589 composite?
False
Is 1811 a composite number?
False
Is 15727 composite?
False
Is 25829 prime?
False
Is 9767 prime?
True
Is 1151 a composite number?
False
Is 14143 a prime number?
True
Is 160795 composite?
True
Is 31379 a prime number?
True
Is 1005703 a composite number?
True
Is 2333 prime?
True
Is 6499 a prime number?
False
Is 2267 prime?
True
Is 1313 a composite number?
True
Is 55597 a composite number?
True
Is 72521 a composite number?
True
Is 16909 a prime number?
False
Is 16547 a prime number?
True
Is 124802 a prime number?
False
Is 258317 prime?
True
Is 52678 a prime number?
False
Is 124827 prime?
False
Is 40253 a prime number?
True
Is 256873 a prime number?
True
Is 326717 composite?
True
Is 19999 a composite number?
True
Is 182491 prime?
False
Is 4105 a composite number?
True
Is 31417 a prime number?
False
Is 1820519 a composite number?
True
Is 35521 a composite number?
False
Is 59287 composite?
True
Is 307 composite?
False
Is 568523 a composite number?
False
Is 13885 a composite number?
True
Is 19174 a prime number?
False
Is 3791 prime?
False
Is 99167 a composite number?
True
Is 19407 composite?
True
Is 442363 a composite number?
False
Is 1949 a composite number?
False
Is 132395 a composite number?
True
Is 11657 prime?
True
Is 39703 a composite number?
False
Is 58811 a composite number?
True
Is 247315 a composite number?
True
Is 35201 a composite number?
False
Is 5663 composite?
True
Is 10551 a composite number?
True
Is 91849 a composite number?
True
Is 1651066 prime?
False
Is 81409 prime?
True
Is 2813819 prime?
True
Is 14519 prime?
True
Is 35311 composite?
False
Is 485585 a composite number?
True
Is 414871 a prime number?
True
Is 2777 a prime number?
True
Is 626251 composite?
False
Is 335107 a prime number?
True
Is 526759 composite?
False
Is 4061 composite?
True
Is 37139 prime?
True
Is 28909 a prime number?
True
Is 9767 composite?
False
Is 24713 a composite number?
True
Is 37027 a composite number?
True
Is 8861 composite?
False
Is 284009 composite?
True
Is 33679 a composite number?
False
Is 7309 a composite number?
False
Is 51007 a prime number?
False
Is 651067 prime?
True
Is 5951 composite?
True
Is 5339 composite?
True
Is 341153 composite?
True
Is 13493 composite?
True
Is 1747177 prime?
False
Is 25523 prime?
True
Is 13567 a prime number?
True
Is 16087 a prime number?
True
Is 25229 prime?
True
Is 51227 a composite number?
True
Is 831 prime?
False
Is 27767 a prime number?
True
Is 332873 a prime number?
True
Is 132781 a prime number?
False
Is 251 a prime number?
True
Is 10895 composite?
True
Is 14521 a composite number?
True
Is 140393 a prime number?
False
Is 552397 a prime number?
True
Is 28367 prime?
False
Is 19531 prime?
True
Is 6119 prime?
False
Is 72361 a composite number?
True
Is 674 a composite number?
True
Is 111139 prime?
False
Is 781 prime?
False
Is 7463 a prime number?
False
Is 30683 composite?
True
Is 144471 prime?
False
Is 274087 composite?
True
Is 172181 prime?
True
Is 272671 composite?
True
Is 47181 composite?
True
Is 15027 composite?
True
Is 35627 a composite number?
True
Is 136223 a composite number?
False
Is 12273 prime?
False
Is 1204007 a composite number?
True
Is 573929 prime?
True
Is 91883 a prime number?
False
Is